+ 5*w - 31. What is the greatest common factor of u and s?
14
Suppose 10*d = 25*d - 45. Calculate the highest common factor of d and 12.
3
Suppose -2*m + 48 = m. Let p be ((-12)/m)/(1/(-264)). Let j = p + -86. Calculate the highest common factor of j and 28.
28
Suppose -47*g = -55*g + 112. What is the greatest common divisor of g and 21?
7
Suppose -z + 15 = 2*z. Suppose -l = l - z*y - 4, 6 = 3*l + 5*y. Suppose l*s - 3*n = -s + 213, 0 = -s + 3*n + 75. What is the greatest common factor of s and 23?
23
Suppose -7 = 4*y - 23. What is the greatest common divisor of y and 68?
4
Let g(v) = -12*v**3 - v**2 - 2*v + 3. Suppose -5*c + 0 - 10 = 0. Let d be g(c). What is the greatest common factor of d and 9?
9
Suppose -283 = -o + 2*t, 2*t + 112 = -4*o + 1254. Let d(p) = 19*p. Let h be d(6). What is the highest common factor of o and h?
57
Let c = 77 - 74. Let p be (c - 22/8) + (-35)/(-4). Calculate the highest common divisor of p and 171.
9
Suppose -193 = -10*f - 63. Calculate the greatest common divisor of f and 130.
13
Let d be (-17)/(-2) + (-3)/2. Suppose -o = -0*r - 4*r - 73, r = 4*o - 307. Calculate the highest common divisor of d and o.
7
Let h(g) = -g**3 - 8*g**2 + 21*g + 11. Let o be h(-10). Let c = -7 + 12. Suppose -c*r + 6 = -14. Calculate the greatest common factor of o and r.
1
Let n be (-6)/(-3) + 2 + -2. Suppose n*g - 2*w = 68, -3*g + 2*g = -3*w - 42. Let o be 317/7 + 2 + (-16)/7. What is the greatest common factor of o and g?
15
Suppose -18 = 4*b + 10. Let h(c) = c**3 + 7*c**2 + 4. Let r be h(b). Suppose 2*a - 56 = 8*f, 2*f - f + 142 = 4*a. What is the highest common factor of a and r?
4
Let q(p) = -18*p - 3*p**2 + 7*p + 5*p**2 - 4*p + 9. Let b be q(8). What is the highest common divisor of 17 and b?
17
Suppose 4 = 2*x, 0*d = -5*d - 2*x + 4504. Calculate the greatest common factor of d and 100.
100
Suppose -3*c - 3*w = -54, 221*c - 216*c - 94 = -w. Let s = 56 + -37. Calculate the highest common factor of s and c.
19
Let m(b) = 2*b**3 - 10*b**2 - 21*b + 88. Let q be m(6). What is the highest common factor of q and 578?
34
Let y be 20/70 - (-3)/7*151. What is the highest common factor of 13 and y?
13
Let s be 4/20 + 4193/35. What is the greatest common factor of s and 420?
60
Let d = 5 + 6. Let p be (4/(-5))/2 - (-20)/50. Suppose 2*u + 280 - 456 = p. Calculate the greatest common divisor of u and d.
11
Suppose -1680 = -5*s - 4*h, -322 = -3*s - 3*h + 683. Let t = s + -235. Calculate the greatest common factor of 35 and t.
35
Let i(s) = 2*s**3 - 141*s**2 + 72*s - 56. Let v be i(70). Let f = -14 - -26. What is the greatest common factor of f and v?
12
Let d be 0 + 3 + (-14)/(-2). Let a be ((-6)/d)/1*-85. Calculate the highest common divisor of a and 17.
17
Let l be (-529)/(-4) + 1/(-4). Let s = -4925 - -4937. Calculate the greatest common divisor of s and l.
12
Suppose 14 - 30 = -3*r + 4*b, 4*b - 32 = 0. Suppose 0 = 2*t + 3*a - 314, -t + 3*a + 158 = 4*a. Calculate the highest common divisor of t and r.
16
Suppose -p - 3*p = -80. Suppose p = -4*h, v - 2*h - h + 5 = 0. Let g = v - -30. Calculate the greatest common factor of g and 10.
10
Suppose 4 = -7*n + 9*n. Suppose s - 3*x = 2*s - 154, -4*s - n*x + 616 = 0. What is the highest common factor of s and 28?
14
Suppose -o + 2*j + 72 = 0, -o - 2*j + 52 = -52. Suppose -23 = -2*r + 21. What is the highest common factor of o and r?
22
Suppose -2*f - 202 - 302 = 0. Suppose 5*a + 4*r - 66 = 0, -5*r + 3*r = -5*a + 42. Let l be (-4)/a - f/5. Calculate the highest common factor of 10 and l.
10
Let c(a) = 3*a - 15. Let w be c(10). Let r = 25 - w. Calculate the greatest common factor of 2 and r.
2
Suppose -u = -0*u - 45. Suppose 5*o - 87 = 18. Let p = u - o. What is the highest common factor of 6 and p?
6
Let d(l) = l**2 - 2*l + 6. Let m be d(5). Let h(w) = -2*w**2 + 15*w - 14. Let b be h(8). Let c = b - -36. What is the highest common factor of m and c?
7
Let g = -24 + 28. Suppose -4*q + 12 = 0, -2*q = -g*m + 10 + 64. Let a be 368/36 - 2/9. Calculate the greatest common factor of a and m.
10
Let q be 1 - 3*2/(-6). Let m(x) = 2*x**3 - 3*x + 2. Let p be m(q). What is the greatest common divisor of 12 and p?
12
Let k be (-2)/(-4) - 56/16. Let a be (13/k)/(2/(-12)). What is the highest common divisor of a and 26?
26
Let i be 36/6*4 - (2 + 1). Suppose -20 - 7 = -2*z - 5*o, i = 3*z + o. What is the highest common factor of 6 and z?
6
Suppose 44 = 4*h - 12. Let r be 7/1 + (4 - 8). Suppose -4*a + 139 = r*b + 43, -34 = -2*a + 2*b. Calculate the greatest common factor of h and a.
7
Suppose 4*o = 5*m + 5 + 52, -5*o + 3*m + 81 = 0. Let w = 246 - 378. Let x be (-1 + 4)*w/(-2). What is the greatest common divisor of x and o?
18
Let t = -71 + 67. Let i be t/6*(-18)/4. Let m be 24/5*(6 - 1). What is the highest common divisor of i and m?
3
Let w(g) = -15*g + 10. Let k be w(-8). Suppose -b = -p - 0*p - 100, -b = 5*p - k. Calculate the highest common factor of b and 15.
15
Let f be 4/(-10) - (-12)/5. Suppose -h - 16 = h. Let k = h + 22. What is the highest common divisor of k and f?
2
Suppose -12*f = -9*f. Suppose 3*i - 33 = -f*i. Let d(m) = 3*m**2 + 3*m - 5. Let p be d(6). Calculate the highest common divisor of p and i.
11
Let y = 882 + -714. What is the greatest common factor of y and 280?
56
Let u be ((-6)/4)/(4/(-40)). Let h = -9 + u. Let d(j) = -j + 2. Let i be d(-13). Calculate the greatest common factor of i and h.
3
Let l(t) = -t**3 + 8*t**2 - 12*t + 13. Let w be l(6). What is the greatest common factor of 91 and w?
13
Let z = -11 + 4. Let h = z + 24. Suppose 2*v = l - 163, 143 = -0*l + l + 2*v. What is the greatest common factor of h and l?
17
Suppose 87 + 133 = 5*j. Let g(x) = -35*x - 4. Let r be g(-2). Calculate the highest common divisor of j and r.
22
Let g be (-61)/9 - (-4)/(-18). Let y = g + 15. Calculate the greatest common factor of 1 and y.
1
Let d(w) = -w**3 + 4*w**2 - 5*w + 206. Let n be d(7). Let s = -9 + 4. Let j = -2 - s. Calculate the greatest common divisor of n and j.
3
Let d = -36 - -38. Suppose -2*o + 5*x = -34, -8 = -d*o + o - 2*x. What is the highest common factor of o and 108?
12
Let p(s) = 2*s**2 + 5. Let c be p(0). Suppose 4*r = 4*i + 6*r - 204, -c*r = 4*i - 198. What is the highest common factor of i and 13?
13
Suppose -2*s - 40 = -6*s. Let c = -239 - -329. Calculate the greatest common divisor of c and s.
10
Let r = 13 - 29. Let k be 10/4*r/(-10). Let u be 2*(0 - (-70)/k). What is the greatest common factor of 5 and u?
5
Let t = -78 - -160. Suppose -k = -5*s + t, -34 = -2*s - k + 2*k. Let b be 48/(-72) - (-16)/6*1. Calculate the highest common factor of b and s.
2
Suppose -3*u - 5*n + 792 = -94, 5*u - n - 1486 = 0. Suppose 5*b = c - 37, 0*c + 2*c - 44 = -5*b. Calculate the greatest common divisor of u and c.
27
Let a be 1*-5*(11 - 12). Suppose q - f - 6 = 6, 3*f = -a*q + 36. Suppose q*w - 4*w = 2*i - 3, 5*w - 17 = -3*i. What is the highest common factor of i and 12?
4
Let c(r) be the first derivative of r**2 + 2*r - 17. Let s be c(2). What is the greatest common factor of 6 and s?
6
Let w = -27 + 35. Let v be ((-8)/(-10))/((w/450)/2). Calculate the highest common factor of v and 10.
10
Suppose c = i + 238, 0 = 3*c - 2*i - 620 - 99. What is the highest common factor of 108 and c?
27
Suppose -5*q + 3*x = 89, -3*q + 3*x = 13 + 38. Let w = -1 - q. What is the highest common divisor of 54 and w?
18
Let q = 1258 - 400. Calculate the highest common factor of q and 99.
33
Let n(y) = -8*y**3 + y + 1. Let h be n(-1). What is the greatest common divisor of h and 88?
8
Suppose -3*g = -0*g - 6. Let z be 49 + g*(-3)/6. Let q be (-98)/(-4) - 2/4. What is the highest common factor of q and z?
24
Suppose -5*g + 0*h - 31 = 2*h, g + 2*h = -3. Let w be -2 - g - (-7 - -2). What is the highest common factor of 190 and w?
10
Let t = 1626 + -1580. Calculate the highest common factor of t and 230.
46
Let o(z) = 4*z - 63. Let h(d) = 3*d - 42. Let c(i) = 7*h(i) - 5*o(i). Let j be c(-9). Let b be 1/4 - (-1005)/12. What is the greatest common divisor of j and b?
12
Suppose 0 = -2*i + 2*f - 314, -5*f + 632 = -4*i - 2*f. Let j be 46/i + 32/14 + -1. What is the highest common divisor of j and 1?
1
Suppose x - 26 = -3*s, -6*x + 2*x + 59 = -3*s. Let z(l) be the first derivative of 17*l**2/2 + 3. Let p be z(1). Calcula